83. Determine o(82).
-25
Let q(s) = -8*s**2 - 14606*s + 14606. What is q(1)?
-8
Let y(o) = 4*o**3 - 149*o**2 - 267*o - 84. Determine y(39).
150
Let o(m) = -301*m + 40028. Calculate o(133).
-5
Let x(q) = 870056*q - 2610162. Determine x(3).
6
Let l(g) = -2*g**3 + 341*g**2 + 136*g + 5217. What is l(171)?
-768
Let v(l) = -125377*l - 3259811. Give v(-26).
-9
Let f(v) = 15*v**2 + 14847*v - 119731. Give f(8).
5
Let v(h) = -76*h**3 - 1432*h**2 + 247*h + 366. Give v(-19).
5
Let i(b) = -6*b**2 + 587*b - 3559. Calculate i(6).
-253
Let q(t) = 15*t**2 - 127*t - 676. Determine q(-7).
948
Let s(g) = -g**2 + 253*g - 12298. Calculate s(79).
1448
Let r(x) = 75*x**2 - 3563*x + 10655. Determine r(3).
641
Let o(u) = 356941*u - 8923539. Calculate o(25).
-14
Let j(s) = -102*s - 344. What is j(-4)?
64
Let p(a) = a**3 + 85*a**2 + 3141*a + 146397. Determine p(-70).
27
Let s(z) = -112*z**2 + 279*z - 178. Determine s(1).
-11
Let l(z) = -84*z**2 - 21740*z + 65216. Determine l(3).
-760
Let u(h) = -2018*h - 9887. Give u(-5).
203
Let o(x) = -2*x**3 - 869*x**2 + 40134*x - 4547. What is o(42)?
-11
Let k(r) = -r**3 - 10*r**2 + 4211*r + 46212. Give k(-11).
12
Let u(x) = -18*x**2 + 80*x - 715. Determine u(9).
-1453
Let o(m) = -459*m + 87996. What is o(196)?
-1968
Let r(s) = -s**3 - 227*s**2 + 2857*s - 2623. Give r(-239).
6
Let b(x) = -x**3 + 24*x**2 + 8892*x - 1140. What is b(107)?
37
Let z(u) = u**3 + 22*u**2 - 124*u - 2434. Determine z(-10).
6
Let w(n) = 73*n - 5568. Calculate w(93).
1221
Let l(w) = -10524403*w + 31573212. Determine l(3).
3
Let x(w) = 574*w + 5940. Determine x(-11).
-374
Let x(n) = -2*n**2 + 1077*n + 75579. What is x(-63)?
-210
Let s(j) = 57*j + 545. Give s(-36).
-1507
Let r(g) = 11*g**2 - 141*g + 178. Give r(12).
70
Let b(r) = -775*r + 78202. What is b(101)?
-73
Let w(q) = -7*q + 666. Determine w(88).
50
Let w(q) = 8*q**3 + 35*q**2 + 1461*q + 5929. Determine w(-4).
133
Let b(a) = -7*a - 240. Determine b(38).
-506
Let j(z) = -8143*z - 781738. Determine j(-96).
-10
Let p(w) = 722*w - 13899. What is p(19)?
-181
Let s(n) = 4*n**2 + 245*n - 944. Determine s(-60).
-1244
Let f(x) = -x**3 - 44*x**2 - 527*x - 1444. Determine f(-14).
54
Let n(a) = -3*a**2 + 512*a + 19353. What is n(-32)?
-103
Let s(q) = -212283*q - 12. What is s(0)?
-12
Let m(y) = 380*y - 4911. Determine m(12).
-351
Let u(o) = -o**2 + 23413*o - 7139130. What is u(309)?
6
Let z(o) = 10825*o + 10879. What is z(-1)?
54
Let s(w) = 1314210*w + 1314217. Calculate s(-1).
7
Let j(g) = -16*g**2 + 624*g - 37. Calculate j(39).
-37
Let b(q) = 13*q**2 + 14*q - 433. What is b(-6)?
-49
Let v(g) = g**2 + 205788*g - 1646379. Calculate v(8).
-11
Let k(u) = -5051*u + 8394777. Calculate k(1662).
15
Let p(u) = -4816*u - 19254. Determine p(-4).
10
Let l(r) = 52948*r + 2594458. Give l(-49).
6
Let y(i) = i**3 - 21*i**2 + 40*i - 245. Give y(20).
155
Let c(p) = 3*p**2 - 223*p + 262. Give c(73).
-30
Let p(o) = 25*o**2 - 1365*o - 3608. Calculate p(-3).
712
Let w(a) = -605*a + 28429. Determine w(47).
-6
Let z(c) = -13341*c - 80086. Determine z(-6).
-40
Let h(f) = -f**2 - 305*f - 17892. What is h(-226)?
-38
Let v(o) = 566*o - 65693. What is v(116)?
-37
Let n(f) = -4*f**2 + 4717*f - 32825. Calculate n(7).
-2
Let k(b) = 243*b + 19719. What is k(-84)?
-693
Let p(s) = -149*s**2 - 431*s - 269. Give p(-2).
-3
Let q(d) = -9*d**2 - 1705*d - 76883. What is q(-74)?
3
Let o(p) = 397904*p - 2785416. Give o(7).
-88
Let l(i) = -250*i**2 - 5126*i + 2596. Give l(-21).
-8
Let f(z) = 461*z**2 + 1349*z - 114. Calculate f(-3).
-12
Let g(y) = -y**3 + 97*y**2 + 2610*y + 80. Give g(119).
-872
Let t(a) = -5615*a - 5516. Determine t(-1).
99
Let w(b) = 1291*b**2 - 19364*b - 15. Determine w(15).
0
Let i(a) = 3*a**2 - 786*a - 9883. What is i(-12)?
-19
Let q(g) = 397*g - 8696. Calculate q(23).
435
Let f(y) = -y**3 - 17023*y**2 - 187114*y - 8. Give f(-11).
-206
Let k(v) = 10*v - 334. Give k(-50).
-834
Let y(x) = 1829*x + 34740. Calculate y(-19).
-11
Let j(d) = -45*d**3 - 5*d**2 - 3*d + 8. Determine j(4).
-2964
Let h(w) = 24*w**2 - 1381*w - 10998. Give h(-8).
1586
Let d(s) = 145*s**3 - 13*s**2 - 36*s - 74. What is d(-2)?
-1214
Let i(q) = q**3 + 30*q**2 + 397*q + 14809. Give i(-32).
57
Let z(w) = w**3 + 184*w**2 + 358*w - 1105. Determine z(-182).
-13
Let g(l) = 788*l**2 + 3163*l + 27. What is g(-4)?
-17
Let q(t) = 15*t**3 - 653*t**2 + 354*t + 164. Calculate q(43).
594
Let d(l) = 305*l**3 + 1235*l**2 + 39*l + 117. Calculate d(-4).
201
Let l(r) = 66324*r - 11341412. Determine l(171).
-8
Let w(f) = -f**2 - 99*f - 1005. What is w(-13)?
113
Let o(n) = -138*n**2 - 11871*n - 263. Give o(-86).
-5
Let h(g) = g**3 - 70*g**2 - 212*g + 48. What is h(-3)?
27
Let b(l) = l**3 - 101*l**2 - 9*l + 10845. Calculate b(100).
-55
Let o(u) = -7797*u + 7662. Calculate o(1).
-135
Let m(n) = 13*n**2 - 731*n + 3985. Determine m(6).
67
Let q(y) = -30*y**3 - 3056*y**2 + 434*y + 2614. What is q(-102)?
-38
Let n(y) = 13*y**2 + 110*y + 52. Determine n(-7).
-81
Let h(r) = 484*r - 20810. What is h(43)?
2
Let c(q) = -q**3 - 183*q**2 - 203*q - 21. What is c(-1)?
0
Let l(a) = -2*a**2 + 32*a + 12748. Give l(-72).
76
Let k(u) = -242*u + 51. Determine k(-1).
293
Let v(u) = 3939*u - 19615. Determine v(5).
80
Let g(w) = w**3 + 280*w**2 + 615*w + 16300. Give g(-278).
-102
Let g(s) = -2*s**3 + 203*s**2 - 4724*s - 1446. Give g(65).
-81
Let g(y) = 3*y**3 - 4*y**2 - 1167*y + 7052. Calculate g(6).
554
Let i(n) = 5*n**3 - 53*n**2 - 30*n + 71. Give i(9).
-847
Let y(m) = -m**3 - 642*m**2 - 1906*m + 7186. Determine y(-639).
157
Let g(b) = b**2 + 313498*b - 940496. Give g(3).
7
Let y(v) = -2*v**3 - 7*v**2 + 1038*v + 7018. Give y(-7).
95
Let l(r) = 145*r + 37106. Calculate l(-255).
131
Let j(z) = 1608*z - 3171. Determine j(2).
45
Let f(h) = -25*h**2 - 1636*h - 11495. Give f(-8).
-7
Let g(h) = h**2 + 34*h - 578. Give g(-47).
33
Let k(b) = -2949*b - 714. Give k(-1).
2235
Let c(i) = -42*i**2 - 2049*i + 416. Calculate c(-49).
-25
Let i(f) = -100*f**3 - 76*f**2 - 16*f + 18. Calculate i(-4).
5266
Let n(o) = o**3 + 265*o**2 + 2514*o - 335. Calculate n(-10).
25
Let c(y) = -y**2 + 241*y - 14259. Calculate c(103).
-45
Let o(v) = 293*v**2 + 2327*v + 257. What is o(-8)?
393
Let x(s) = 1867*s + 19169. What is x(-11)?
-1368
Let d(w) = 444*w**2 + 776*w + 1555. Calculate d(-2).
1779
Let h(i) = i**2 + 30*i - 2356. What is h(36)?
20
Let c(a) = -173*a**2 + 3*a - 1072. Calculate c(0).
-1072
Let j(g) = -7099*g + 14183. Determine j(2).
-15
Let v(i) = i**2 + 2772*i + 1543999. Calculate v(-772).
-1
Let g(y) = y**2 + 4953*y - 64378. Determine g(13).
180
Let n(d) = 3*d**2 - 571*d + 8108. Give n(15).
218
Let n(b) = -6*b**2 - 648*b + 44936. Give n(48).
8
Let u(i) = -47926*i - 1437838. What is u(-30)?
-58
Let w(m) = 49*m**2 + 51185*m - 20900. Calculate w(-1045).
0
Let n(t) = -t**3 + 5*t**2 - 4646*t - 18737. Determine n(-4).
-9
Let g(c) = -52838*c - 2377710. Calculate g(-45).
0
Let l(a) = 193*a**3 + 967*a**2 - 45*a - 331. Determine l(-5).
-56
Let h(s) = -s**2 - 1796*s + 49255. Give h(27).
34
Let k(s) = -5883*s - 52754. What is k(-9)?
193
Let j(n) = n**3 - 46*n**2 + 242*n + 829. Determine j(9).
10
Let a(s) = -1102*s + 4279. Calculate a(6).
-2333
Let v(a) = -8*a**2 + 2272*a - 8973. Calculate v(280).
-13
Let s(q) = -q**3 - 103*q**2 + 6*q + 209. Determine s(-103).
-409
Let b(v) = 9*v**3 + 9*v**2 - 491*v + 1430. Determine b(3).
281
Let p(q) = -q**3 + 9*q**2 + 32*q - 13. What is p(15)?
-883
Let y(h) = -52*h + 593. Determine y(-20).
1633
Let l(t) = -t**3 + 42*t**2 - 537*t + 2139. Give l(22).
5
Let o(s) = 8*s**2 - 1135*s + 6740. Determine o(6).
218
Let o(t) = 60634*t - 1152024. What is o(19)?
22
Let r(m) = 308*m**2 + 386*m - 386. Calculate r(1).
308
Let s(y) = -5913*y - 17422. What is s(-3)?
317
Let r(f) = f**2 + 118*f - 126. Give r(16).
2018
Let i(k) = 1230*k - 58797. What is i(55)?
8853
Let c(q) = -2*q**2 - 78*q - 2111. Give c(-20).
-1351
Let o(t) = -t**3 + 58*t**2 - 944*t + 46756. Determine o(56).
164
Let s(j) = -j**3 + 53*j**2 + 308*j - 7846. Give s(56).
-6
Let t(f) = -11245*f - 22516. What is t(-2)?
-26
Let g(c) = -3*c**2 + 4752*c - 14243. What is g(3)?
-14
Let q(b) = 413*b - 30939. What is q(75)?
36
Let n(b) = 2*b**3 - 12*b**2 - 71*b + 294. Determine n(-6).
-144
Let z(k) = -k**3 + 70*k**2 + 50*k + 3231. Give z(71).
1740
Let l(p) = 89759*p + 17